+ 10332121?
10331541
In base 12, what is -22239 + -1b?
-22258
In base 15, what is -a24db1 - -66?
-a24d4a
In base 6, what is 20243122403 - -2?
20243122405
In base 4, what is 122210131012 - -2?
122210131020
In base 4, what is 3033122 + -130110?
2303012
In base 2, what is 10010000011110011110011 - 101?
10010000011110011101110
In base 16, what is -63d49 - 232?
-63f7b
In base 5, what is -21202102 - 2242?
-21204344
In base 12, what is 549232 - 34?
5491ba
In base 4, what is 1133321111022 + -220?
1133321110202
In base 9, what is -1070634 - 1?
-1070635
In base 9, what is -117564071 - -2?
-117564068
In base 11, what is 1715 - 143aa5?
-142390
In base 16, what is 94f65 + -9c?
94ec9
In base 13, what is -264 + 28823?
2858c
In base 16, what is 48dd05 + 39?
48dd3e
In base 13, what is 32 - -124392?
1243c4
In base 10, what is 4 + 14031366?
14031370
In base 3, what is 201110210 - -221020100?
1122201010
In base 3, what is 100012200212222112 - -11?
100012200212222200
In base 4, what is -3 - 13200302312323?
-13200302312332
In base 16, what is 8 + -1bd1466?
-1bd145e
In base 4, what is -222302233032321 + 11?
-222302233032310
In base 13, what is 20b5a18 - -6?
20b5a21
In base 2, what is 1100100111 + 1001100010011010?
1001101111000001
In base 9, what is -1454800 - 8?
-1454808
In base 4, what is -31230032013110 - 2?
-31230032013112
In base 4, what is -1033 - -110033032?
110031333
In base 4, what is 1121031120 - -23031?
1121120211
In base 2, what is 1 - -1100100110101111100000010?
1100100110101111100000011
In base 10, what is 12638 - 3?
12635
In base 3, what is -101100002 - -11021102102?
10220002100
In base 8, what is 705605774 + -3?
705605771
In base 14, what is -20b8 - -1101?
-db7
In base 6, what is -102 - 2304410?
-2304512
In base 16, what is -a82cc + -28?
-a82f4
In base 11, what is -4 - -1938692?
1938689
In base 8, what is 6 - -6541651?
6541657
In base 13, what is 48cb3742 - 3?
48cb373c
In base 8, what is 1500 - 13556?
-12056
In base 16, what is -3c017 - 2a?
-3c041
In base 12, what is -329429b06 - -4?
-329429b02
In base 10, what is 4206100 + -14?
4206086
In base 14, what is -ab1bd9 + -c?
-ab1c07
In base 14, what is 71 - 1254c2?
-125451
In base 8, what is 44542700 + -10?
44542670
In base 2, what is -101011011001010111 - 1000100011?
-101011100001111010
In base 3, what is -1002112100221 + -201?
-1002112101122
In base 14, what is 4b60 + -5639?
-8b9
In base 8, what is -71035432 - -56?
-71035354
In base 14, what is -1321 - 41a5d?
-42d80
In base 4, what is -301 - -11311031031?
11311030130
In base 6, what is 2004030403 + -1?
2004030402
In base 14, what is -32311 - 83?
-32394
In base 12, what is -16 - -28561?
28547
In base 15, what is -61 - -c7174?
c7113
In base 13, what is -4cc9038 - -6?
-4cc9032
In base 8, what is 2 - -364124076?
364124100
In base 16, what is -1 - -4b9eaa5?
4b9eaa4
In base 7, what is 1425146041 + 2?
1425146043
In base 8, what is -3 - -247264?
247261
In base 14, what is -4 - -826482?
82647c
In base 9, what is -180481 - -1152?
-178328
In base 11, what is -665 + -4988?
-5542
In base 16, what is -53 + -293d0?
-29423
In base 16, what is 18e + 31944?
31ad2
In base 5, what is 43200134 - 14?
43200120
In base 15, what is b - -12dc3?
12dce
In base 4, what is 10222222331 + -10?
10222222321
In base 2, what is -101001001001010000101110110 - 10?
-101001001001010000101111000
In base 12, what is -1802184 - -49?
-1802137
In base 3, what is 1202 - 11121010110?
-11121001201
In base 16, what is 206bdb - -5a?
206c35
In base 14, what is 135ab6 - b70?
134d46
In base 13, what is 9b8c1b + -17?
9b8c04
In base 7, what is -41060463 - -3?
-41060460
In base 10, what is -2727 - 1163?
-3890
In base 3, what is -12000100010 - -21?
-12000022212
In base 6, what is -1200404213 - -44?
-1200404125
In base 14, what is -c90cb1 + -22?
-c90cd3
In base 14, what is 14d2 - -35166?
36658
In base 14, what is -bb83 + 2da?
-b887
In base 4, what is 23032133 + -1013130?
22013003
In base 3, what is 10 + 102220100020000?
102220100020010
In base 13, what is 138b5 + 661?
14246
In base 15, what is -a - 23b66b?
-23b676
In base 8, what is 61 + 20053573?
20053654
In base 13, what is -494 + 9c4?
530
In base 3, what is 1010010 + -1221210211?
-1220200201
In base 9, what is 121 - 323167?
-323046
In base 13, what is -439c4932 + 5?
-439c492a
In base 8, what is -6237473216 - 2?
-6237473220
In base 6, what is 44512350 + -1?
44512345
In base 5, what is 41432230 - -1000?
41433230
In base 9, what is -28017115 + 4?
-28017111
In base 14, what is 1 + -909c28?
-909c27
In base 13, what is 9c39 + -2476?
7793
In base 15, what is 25 + -82d5?
-82b0
In base 3, what is 210212001 - -2201?
210221202
In base 10, what is -102349405 - 2?
-102349407
In base 4, what is 1121133331302 + 1?
1121133331303
In base 7, what is 4 - 123205612?
-123205605
In base 4, what is -322121032233 + 11?
-322121032222
In base 15, what is -233 + 9b2?
77e
In base 10, what is -90057337 + 5?
-90057332
In base 11, what is 14676 + -176?
14500
In base 12, what is 90006 - 3b0?
8b816
In base 5, what is -214141 + 3001?
-211140
In base 15, what is 0 + 429acb?
429acb
In base 16, what is -5 + da84d5?
da84d0
In base 4, what is -2 + -101013213232?
-101013213300
In base 16, what is -1 - -4323c?
4323b
In base 4, what is -30 - -11330210?
11330120
In base 16, what is -1a8 - 116184?
-11632c
In base 2, what is 101100 - 100101011001110?
-100101010100010
In base 2, what is 1100100011001111010111 + -1100101?
1100100011001101110010
In base 10, what is -3022 + -1059?
-4081
In base 11, what is 353831 + -99?
353743
In base 9, what is -150 + 3184064?
3183814
In base 3, what is -120112011102 - -100?
-120112011002
In base 7, what is 26145 - -15556?
45034
In base 7, what is -24320 - -33464?
6144
In base 15, what is -4 + -276cd8?
-276cdc
In base 6, what is -5101 + -22020?
-31121
In base 6, what is 1 + 220310505?
220310510
In base 5, what is 30204333 + 14212?
30224100
In base 4, what is -10130000331 - -102131?
-10123232200
In base 11, what is 18 - -6a7a927?
6a7a944
In base 15, what is 1 - -1387d43?
1387d44
In base 5, what is 223333240 + 210?
223334000
In base 3, what is 12202 - 2011220222?
-2011201020
In base 10, what is 1750 + 10236?
11986
In base 3, what is 1121211121 - -10012012?
1202000210
In base 7, what is -1344254236 - -1?
-1344254235
In base 16, what is 3a8dd36 - -9?
3a8dd3f
In base 13, what is -5 - -3a30875?
3a30870
In base 15, what is 853 + 23120?
23973
In base 16, what is -26a + -2338?
-25a2
In base 15, what is -a8a - -ed2?
447
In base 13, what is 1 - c09355?
-c09354
In base 9, what is -17006 + -35314?
-53321
In base 10, what is 3438409 + -320?
3438089
In base 9, what is -74175 - -74?
-74101
In base 7, what is 42013 - 60?
41623
In base 4, what is -22300011002110 - 3?
-22300011002113
In base 12, what is -197 - 2676?
-2851
In base 13, what is -544b71 + -120?
-544c91
In base 8, what is -171317620 - -2?
-171317616
In base 15, what is -1e544a - -4?
-1e5446
In base 12, what is -4 + -2741b9?
-274201
In base 12, what is -5955336 + -6?
-5955340
In base 5, what is 20 + 123110100113?
123110100133
In base 3, what is -1222200201220200 + -2?
-1222200201220202
In base 12, what is -7b060 + -355?
-7b3b5
In base 13, what is -350cc + -14a?
-35249
In base 11, what is 4 - -8a0474?
8a0478
In base 5, what is -313102 + 231144?
-31403
In base 7, what is -1166 - -334233?
333034
In base 5, what is -11134421 - 11?
-11134432
In base 5, what is -10 + 44244340343?
44244340333
In base 6, what is -22 - -313330115?
313330053
In base 11, what is -4a44894 - 5?
-4a44899
In base 13, what is 15 - -a8c55?
a8c6a
In base 5, what is -4013001 - 3124?
-4021130
In base 12, what is 7 + -1395689?
-1395682
In base 2, what is -100 + -1001111001101100111010?
-1001111001101100111110
In base 12, what is -102114a7 - 36?
-10211521
In base 10, what is -266187 + -1667?
-267854
In base 3, what is -200201200200 - -22200?
-200201101000
In base 11, what is 9140980 + -2?
9140979
In base 10, what is 3449994 + 3?
3449997
In base 15, what is 47e1c + 3?
47e20
In base 14, what is 47623 - -54?
47677
In base 10, what is -1847752 + -2?
-1847754
In base 3, what is 10121021200220 + 100211?
10121022001201
In base 14, what is -d8ac7 + 1d?
-d8aa8
In base 6, what is 2550522 + 4411?
2555333
In base 2, what is 10001111000000100 - -11011011100110?
1010101001110